t is 3621 - 0?
3621
In base 15, what is 25 - -8ea4?
8ec9
In base 2, what is 1111111 - 11100010010?
-11010010011
In base 11, what is 64 + 480?
534
In base 5, what is -10 + -1312333?
-1312343
In base 2, what is -1011000011 - -1101111?
-1001010100
In base 3, what is 110 - 2120101102?
-2120100222
In base 7, what is -143121 - -3?
-143115
In base 2, what is -100100011001110110 + -100?
-100100011001111010
In base 5, what is 1 + -31013?
-31012
In base 6, what is -1013053 - 100?
-1013153
In base 7, what is 25132115 + 3?
25132121
In base 10, what is -4 + 223034?
223030
In base 6, what is 2455 - -345?
3244
In base 12, what is -90399 - 2?
-9039b
In base 11, what is -10 + -329a8?
-32a08
In base 6, what is -5550 - -3550?
-2000
In base 12, what is 5 + -7610?
-7607
In base 16, what is 0 + 110d0?
110d0
In base 2, what is 10101111100001 + 110?
10101111100111
In base 12, what is 1 + -5218?
-5217
In base 16, what is -6be - -621?
-9d
In base 4, what is 12023 + -23?
12000
In base 2, what is -10110011000 - -10010000?
-10100001000
In base 6, what is 4 + -25302?
-25254
In base 16, what is d5d - -7a?
dd7
In base 16, what is -21501 - 3?
-21504
In base 6, what is -44450 - 0?
-44450
In base 8, what is -63 - -1542?
1457
In base 11, what is 53382 + -1?
53381
In base 7, what is -121462 - 11?
-121503
In base 5, what is -141242 + -214?
-142011
In base 7, what is 14 - 35302?
-35255
In base 3, what is -2 - 1021210?
-1021212
In base 15, what is 49 - 213?
-1b9
In base 10, what is 2937694 + 4?
2937698
In base 9, what is -325 + 84?
-231
In base 16, what is d - -fa8?
fb5
In base 15, what is 4 + -12d35?
-12d31
In base 2, what is 110 - 110100001011010?
-110100001010100
In base 3, what is -2110 - 122120?
-202000
In base 3, what is -22 - 10102110?
-10102202
In base 11, what is -3 - 1514?
-1517
In base 4, what is -3203 - 31312?
-101121
In base 8, what is 151617 + -4?
151613
In base 10, what is 14 + 2374?
2388
In base 16, what is 237b8 + 5?
237bd
In base 5, what is -31 + -2034324?
-2034410
In base 2, what is -1000 - -100000011011101100?
100000011011100100
In base 16, what is 7b - -806?
881
In base 3, what is -101 - 120210?
-121011
In base 10, what is -132485 + -4?
-132489
In base 12, what is 31 + -89?
-58
In base 10, what is 46 - -617?
663
In base 15, what is 25de67 - 4?
25de63
In base 4, what is 113 + 100110?
100223
In base 5, what is -111 + 232134?
232023
In base 7, what is 21 + 25515?
25536
In base 12, what is 30b0 + 22?
3112
In base 10, what is 2 - -9447?
9449
In base 14, what is -13544d + 5?
-135448
In base 12, what is 1695 - 38?
1659
In base 9, what is -65 - 1042?
-1117
In base 12, what is 428 - 19?
40b
In base 4, what is 12113323 + 31?
12120020
In base 8, what is -1576 + -27?
-1625
In base 2, what is -10 - 1110011011111?
-1110011100001
In base 14, what is 2b402 + -2?
2b400
In base 9, what is 80143 - 0?
80143
In base 4, what is 1 - -112023031?
112023032
In base 8, what is -4 + 64456?
64452
In base 4, what is -3133 - 21331?
-31130
In base 14, what is -403 + -37?
-43a
In base 15, what is -1 - -1d1?
1d0
In base 5, what is 21422143 - -4?
21422202
In base 7, what is -3363 - 136?
-3532
In base 3, what is 101002122 - 1220?
101000202
In base 2, what is 101001111001010 + 1?
101001111001011
In base 14, what is 21dd + 56?
2255
In base 6, what is 1 + -1013255?
-1013254
In base 11, what is -5 - 8190?
-8195
In base 13, what is -87 - -695?
60b
In base 12, what is -1 - -3ba06?
3ba05
In base 2, what is 100000110 + 10010011011110?
10010111100100
In base 6, what is 3224 - 5?
3215
In base 14, what is 2b4 + -302b?
-2b57
In base 7, what is -5 + 54361?
54353
In base 11, what is 3 - -2848?
2850
In base 7, what is 255310 + -10?
255300
In base 2, what is -110100000001 + 10?
-110011111111
In base 3, what is 221 + -211111?
-210120
In base 12, what is 2305a + -5?
23055
In base 11, what is 8912a + -4?
89126
In base 3, what is 10100000 - 10?
10022220
In base 4, what is -11 - -10333020?
10333003
In base 14, what is -11ac - -a6?
-1106
In base 7, what is 1420 + 3534?
5254
In base 4, what is 20330301103 - 10?
20330301033
In base 6, what is 2 - -530010?
530012
In base 7, what is -1430112 - -1?
-1430111
In base 8, what is 12674 - 544?
12130
In base 14, what is -25 + -981?
-9a6
In base 4, what is -21331021 + 132?
-21330223
In base 14, what is -160b53 - 1?
-160b54
In base 10, what is 968 + -45?
923
In base 9, what is -23 + 7407?
7374
In base 4, what is -102 + 33013?
32311
In base 14, what is -60 - -19c0?
1960
In base 12, what is 4 - 5a3866?
-5a3862
In base 2, what is 11011000101001001000 - -100?
11011000101001001100
In base 12, what is -10 + 422b?
421b
In base 16, what is -930 - 14?
-944
In base 4, what is 1 - 321331233?
-321331232
In base 15, what is -3be - a5?
-474
In base 15, what is 29a2 - -1?
29a3
In base 6, what is 0 - 145023?
-145023
In base 9, what is 3 - -28513?
28516
In base 12, what is -1 - 5454?
-5455
In base 8, what is 1 - 71670?
-71667
In base 4, what is -11202210 - 1?
-11202211
In base 8, what is -703 - -17?
-664
In base 5, what is -2 - -1022224432?
1022224430
In base 7, what is -621 + -10653?
-11604
In base 14, what is -485 - -182?
-303
In base 6, what is -451003 - 4?
-451011
In base 8, what is -5535 + -14?
-5551
In base 12, what is -1a5 + -3a?
-223
In base 2, what is -111100010 - 10101111?
-1010010001
In base 9, what is -67625 + -5?
-67631
In base 9, what is 62 - 46328?
-46256
In base 10, what is -220 + 733?
513
In base 5, what is -120 + 142?
22
In base 3, what is 11210002022 + 11?
11210002110
In base 13, what is -1 - 6113?
-6114
In base 6, what is -113023 + -12?
-113035
In base 16, what is -1086b - -3?
-10868
In base 12, what is 1a + -752?
-734
In base 10, what is -3010 - -10?
-3000
In base 6, what is 20055105 + 1?
20055110
In base 3, what is -100212122010 - 12?
-100212122022
In base 10, what is 94 + 2194?
2288
In base 8, what is 5465 - -11?
5476
In base 8, what is -170 + -107471?
-107661
In base 3, what is -21 + 20110210010?
20110202212
In base 7, what is 5554610 - -5?
5554615
In base 5, what is -103 - 222331?
-222434
In base 7, what is 445 - -2044?
2522
In base 7, what is -656 + -36?
-1025
In base 14, what is 4d17 - -2?
4d19
In base 7, what is 2530 - 131?
2366
In base 3, what is 10121000 - 100?
10120200
In base 2, what is 11101101011 + 101101?
11110011000
In base 4, what is 1 - 323313001?
-323313000
In base 4, what is 13 + 200212?
200231
In base 9, what is 271 + -1?
270
In base 3, what is 22 + -2011001012?
-2011000220
In base 16, what is -25a7 + -2?
-25a9
In base 11, what is 1813 + 8?
1820
In base 10, what is 4 - -49?
53
In base 8, what is 141325 - 0?
141325
In base 5, what is -11134 + -104?
-11243
In base 14, what is 2473 - -2?
2475
In base 15, what is -4 + -2223?
-2227
In base 2, what is 1100001 - 100011111?
-10111110
In base 3, what is 1121 + 22020121?
22022012
In base 5, what is -1041032 + 23?
-1041004
In base 15, what is -36 + dac6?
da90
In base 7, what is -34 + -14633?
-15000
In base 11, what is -457700 + 1?
-4576aa
In base 6, what is 4 - -523234?
523242
In base 12, what is -4646 + -35?
-467b
In base 16, what is -51ca - -3?
-51c7
In base 12, what is -a62 - -a2?
-980
In base 13, what is -2 - -430895?
430893
In base 6, what is -1 - -104134?
104133
In base 12, what is -1152 + 35?
-1119
In base 11, what is 20 + 19816?
19836
In base 2, what is 10011110101010011 + 110?
10011110101011001
In base 3, what is 101222120 + 120?
102000010
In base 11, what is -16a90 + -3?
-16a93
In base 7, what is -15 + -23305?
-23323
In base 2, what is -10001101000111 + -10111110?
-10010000000101
In base 10, what is -81 + 2602?
2521
In base 10, what is -14600 - 13?
-14613
In base 6, what is -15144 - 125?
-15313
In base 5, what is 313103 + 2?
313110
In base 7, what is -2020646 + 20?
-2020626
In base 5, what is -4 - -4342201?
4342142
In base 14, what is -228 + 75?
-193
In base 13, what is -31 - -822?
7c1
In base 9, what is 0 + 2400?
2400
In base 13, what is -5 + 21c55?
21c50
In base 10, what is -28389 + -5?
-28394
In base 11, what is -353 - 9?
-361
In base 7, what is 101 - 20?
51
In base 13, what is 5 - 56c2?
-56ba
In base 16, what is 6 - 17442?
-1743c
In base 6, what is 302 - 1?
301
In base 12, what is -2 - 214562?
-214564
In base 14, what is 4 - ca8?
-ca4
In base 12, what is 1ab - 135?
76
In base 11, what is -7981 - 113?